he first derivative of 3*o**4/4 - 4*o**3/3 - 5*o + 5. Let q(l) = -4*l**3 + 3*l**2 + l + 6. Let f(r) = 3*d(r) + 2*q(r). Give f(6).
9
Let l(t) = -t + 4. Let s(r) = -r - 17. Let z(f) = f - 20. Let o be z(7). Let a be s(o). Let p be (0 - (a - -4))/(-2). Give l(p).
4
Let t(q) be the second derivative of -q**7/840 + q**6/72 + q**5/60 - q**4/8 - 9*q**3/2 + 32*q. Let c(d) be the second derivative of t(d). Determine c(5).
7
Let u(t) be the second derivative of -t**5/20 + 5*t**4/12 - t**3/3 + t**2 + 1319*t. Let l = 17 - 12. Calculate u(l).
-8
Let q(v) be the third derivative of -v**5/60 - 5*v**4/24 - 2*v**3/3 - 3*v**2. Let t(f) = -f**2 + 2*f + 45. Let b be t(8). Give q(b).
2
Suppose -3*m - 3*j + 159 = 0, -4*m + 3*j + 74 + 138 = 0. Let n = m - 36. Let u = n - 11. Let c(a) = a**2 - 5*a - 5. Calculate c(u).
1
Let u(l) = 10 + 12 - l - 7 + 7 - 1. Calculate u(20).
1
Let i(j) = -4*j**3 - 4*j**2 - 10*j. Let k(p) = -3*p**3 - 5*p**2 - 8*p. Let f(l) = -2*i(l) + 3*k(l). Calculate f(-6).
-12
Let l(q) be the second derivative of q**3 - 5*q**2/2 - 201*q. Calculate l(-4).
-29
Let j(g) = g**3 - 2*g**2 - 4*g - 7. Suppose -2*k - 20 = -4*v, -2*v + 3*k = -18 - 0. Determine j(v).
-10
Let z(f) = -4*f**2 + 3*f - 1. Let a = -158 + 162. Let m be 7 - (-1 - (-4)/2). Suppose -a*q = b - 3, 2*b - 4*b = 2*q + m. What is z(q)?
-11
Let s(d) be the third derivative of d**4/2 - d**3/6 - 74*d**2. What is s(-1)?
-13
Let f(d) = 8*d - 10. Let a(x) = 7*x - 9. Let u(m) = 7*a(m) - 6*f(m). Determine u(5).
2
Let m(a) = -17*a**2 + 96*a - 14. Let i(w) = -4*w**2 + 24*w - 3. Let j(z) = -9*i(z) + 2*m(z). Calculate j(12).
-1
Let u(o) = o**2 + 6*o - 4. Let s = 129 + -123. Suppose 2*v + 40 = -s*v. Give u(v).
-9
Let f(x) = 3*x**2 + x + 2. Let i be f(-1). Let y be 1 + i/(-8)*-2 + 2. Let c(n) = n**3 - 4*n**2 + n - 2. Calculate c(y).
2
Let o(c) = 12*c + 3. Suppose 3*z = 4*f - 33 + 26, 4*z + 14 = 3*f. Calculate o(f).
-21
Let z = 966 + -980. Let a(k) = k**3 + 15*k**2 + 16*k + 19. Determine a(z).
-9
Let m(y) = -1290 - 1284 - 7*y + 2571. Calculate m(-1).
4
Let g(x) = 5*x**2 + 2*x + 46. Let m(q) = q + 8. Let n(f) = g(f) - 6*m(f). Determine n(3).
31
Let z(j) = 4*j**3 + 19*j - 20. Let k be z(1). Let u(b) be the second derivative of 1/12*b**4 + 2*b - 5/6*b**3 + b**2 + 0. What is u(k)?
-4
Suppose -4*r - 4 = -20. Suppose -2 - r = 2*x. Let i(h) = 2 - 1 + 1 - h. Give i(x).
5
Let z(x) be the first derivative of -x**4/4 + x**3 + 5*x**2/2 + 4*x - 219. Determine z(5).
-21
Suppose -4*o - 2*u + 30 = 0, 2*o - 10 = 3*o - 3*u. Let g(p) = 78*p - 4 - 30*p - 49*p. What is g(o)?
-9
Suppose 0 = k + 18 - 46. Let v = 18 - 16. Suppose 4*z + v*p = -k, 0*p = -z - 4*p - 21. Let g(w) = w**3 + 5*w**2 - 2*w - 7. Give g(z).
3
Let c be (10/(-5))/(-3 - -1). Let s be 8/c + 0 + -3. Suppose 5 = -s*v + 5*x, -5*v + 8 + 5 = x. Let o(g) = 2*g + 1. What is o(v)?
5
Let x(s) = -s**3 + 14*s**2 + 2*s - 16. Suppose -7*t + 15 = -83. Determine x(t).
12
Let o(d) = 1 - d**2 - 7*d - 1. Suppose -4*r = -3*l - 0*l - 23, 0 = l - 2*r + 9. What is o(l)?
10
Let c(u) = 3*u**2 + 4*u + 3. Let d(v) = -v**3 + 10*v**2 + 10*v - 102. Let o be d(10). Determine c(o).
7
Let d(n) = n**2 + 3*n. Let s be (-4)/3*120/(-16). Let j = 6 - s. What is d(j)?
4
Let u(f) = f**2 + f. Let m(t) = 3*t + 16*t**2 - 17*t**2 + 0*t - t. Let k(v) = 5*m(v) - 10*u(v). Determine k(-1).
-15
Let f(m) be the first derivative of -m**6/40 + m**4/24 + 8*m**3/3 + 4. Let d(c) be the third derivative of f(c). Let r be (1*-1)/(3 + -2). Calculate d(r).
-8
Let t(l) = 10*l**2 + 40*l + 8*l**2 - 37*l - 20*l**2. What is t(4)?
-20
Let j(x) = x**2 + 10*x + 11. Suppose -z + 4*b + 9 - 8 = 0, 10 = -5*b. Calculate j(z).
-10
Let o(r) be the second derivative of 3*r**2 + 0 - 5/12*r**4 + 1/20*r**5 - 9*r - 4/3*r**3. Let d(q) = q**3 + 9*q**2 - 11*q - 4. Let s be d(-10). Give o(s).
-6
Let g(n) = -4*n**3 - 3*n**2 + 2. Let p be g(-1). Suppose -2*r + 3*c - 1 + 7 = 0, r - p*c = 0. Let k(b) = -2*b + 9. What is k(r)?
-3
Let n(x) = 6*x + 5*x - 12*x + 6*x - 1. Let g be n(1). Let z(s) = -s**2 - 6 + 0*s**2 + 7*s - 2*s. What is z(g)?
-2
Let m(s) = -12*s**2 + s - 1. Let p(v) = -v**3 - 12*v**2 - 5*v + 14. Let u be p(-12). Suppose -u*z = -69*z - 5. Determine m(z).
-12
Let v(u) be the first derivative of 3*u**2/2 - 13*u - 226. Determine v(7).
8
Suppose 0*c - 3*c + 5*d - 8 = 0, 0 = 5*c - 4*d - 4. Let h = 4 - -1. Let s(z) = -z**3 + 0*z**2 + h - 4*z + z**2 + 4*z**2. Give s(c).
5
Let j(f) = -15*f - 1. Let t(y) = y**3 - 6*y**2 - 5*y + 29. Let d be t(6). Give j(d).
14
Let o(h) = -3*h**2 - 2*h + 3. Let s = -16 + 45. Let x = s + -27. Give o(x).
-13
Suppose 5*s - 119 = 26. Suppose -20 = -2*k - 2*k. Suppose 3*l - 4*d = 13 + 1, k*l = d + s. Let j(x) = -x + 3. Give j(l).
-3
Let d(x) = 4*x**2 - x**2 - 2*x**2 + 0*x + 3 + 2*x. Suppose -4*f = -5*k - 11, -2*k - 7 = -0*k + f. Give d(k).
6
Let c(s) be the second derivative of 3*s**2 - 2*s - 1/12*s**4 + 0 + 1/2*s**3. Let p be ((-294)/343)/(1/(-7)). Determine c(p).
-12
Let y(r) = r**3 - 2*r**2 + 2*r + 22. Let s(j) = 2*j**3 - 3*j**2 + 3*j + 43. Let l(p) = 3*s(p) - 5*y(p). Give l(0).
19
Let g(l) = -6 - 4 + 1 + 2*l - 4*l + 7*l. What is g(3)?
6
Let r be ((-2)/5)/((70/1525)/(-7)). Let p = r + -54. Let h(n) = n - 8. Give h(p).
-1
Let o be 3/(-12) + (-63)/(-12). Suppose -n - 2*n - j = 8, -5*n + 2*j + o = 0. Let h(l) = 0*l - 3*l - l. What is h(n)?
4
Let b be (-4)/(-6) - (-8)/(-3). Let i(q) = 0*q**3 + 4*q + 5*q**3 + q**2 + 1 - 6*q**3 + 4*q - 6*q. Calculate i(b).
9
Let l(t) = 5*t + 97. Let o = -1394 + 1374. What is l(o)?
-3
Suppose 0*z = z - 15. Let o(x) = 2*x**2 + 2*x + x - 14*x**3 + 30*x**3 - z*x**3. Suppose 5*y = -2*a + 1, 5*a + 2*y + 0*y = -8. What is o(a)?
-6
Let j(a) = 3*a. Let s be (-129)/(-6) - (-2)/4. Let b = 589 + -614. Let f = s + b. What is j(f)?
-9
Suppose 29 = -2*j + 3*c, 3*c = j + 21 - 2. Let o = 12 + j. Let a(g) = -g + 1. Give a(o).
-1
Suppose 0 + 2 = -f. Let l = f + 4. Let i(a) = 2*a**2 + 5 - 3 + 1 - a**2 - 4*a. Calculate i(l).
-1
Suppose 9 = 6*t - 33. Let b(d) = d**3 - 7*d**2 - 2*d + 5. Give b(t).
-9
Let x(q) = q**2 + q + 7. Let v(l) = -l**2 - 19*l + 49. Let p be v(-21). Suppose 13*r = 2*r + p*r. What is x(r)?
7
Let s be 2 + 2 + 6*(-5)/15. Let f(j) be the first derivative of -j + 3*j**s - 4 - 1/3*j**3. Determine f(4).
7
Let m(w) = 2*w - 3. Let a be (2 + -2 - -40)*4/8. Suppose -13*x - 32 = a. Calculate m(x).
-11
Let v(h) = -h + 13. Let z be v(7). Suppose 0 = 9*c - z*c - 6. Let j(r) = -r**3 + 2*r**2 - 3*r + 2. Calculate j(c).
-4
Let t = 269 + -260. Let r(l) = l**3 - 8*l**2 - 8*l - 4. What is r(t)?
5
Let p(s) = 2*s**3 + 2*s**2 - 4*s + 2. Let x(j) = 7*j**3 + 8*j**2 + 8*j + 11. Let c(r) = r**3 - r**2 - r. Let h(o) = 6*c(o) - x(o). Let n be h(-13). Give p(n).
18
Suppose 27*j - 42*j = -45. Let v(h) = -2*h + 5. Determine v(j).
-1
Let t(a) = -28*a + 873. Let s be t(31). Let o be 0/(-2) - 1*5. Let z(h) = h + 1. Let f(i) = -2*i - 1. Let l(m) = o*f(m) - 7*z(m). Give l(s).
13
Let p be (3/12)/(-1*(-2)/24). Let y(o) = -o + 4 - p - 2. Determine y(-4).
3
Let n(o) = -5*o - 1. Let b be n(0). Let t(w) be the first derivative of -2*w**2 + w + 9. Calculate t(b).
5
Let z(x) be the second derivative of -1/12*x**4 - 12*x + 0 + 2*x**2 - x**3. Calculate z(-8).
-12
Suppose -8 = 4*h, 18 + 66 = 2*c - h. Let r = 44 - c. Let a(x) = 0 - 7*x**2 - 3 + 3*x + 3*x**2 + x**3. Give a(r).
-3
Let t(p) = p - 2. Let h be 1/(-2)*(108 - 10). Let s = -52 - h. Calculate t(s).
-5
Let s(g) be the first derivative of g**4/4 + g**3 + 2*g**2 + 3*g - 1. Suppose -a + 4*m - 6 = 5*m, m = 2*a. Determine s(a).
-1
Let m(t) be the third derivative of -t**4/24 + t**3/2 + t**2. Let a = 129 - 115. Suppose 4*z = -0*z + 2*y + 26, z - 3*y = a. Give m(z).
-2
Suppose 0*f = -4*f + 48. Suppose 0 = 2*q + q + f. Let y(g) = -3*g + 0*g + g. What is y(q)?
8
Let j = 1368 - 1375. Let c(s) = s**2 + 5*s - 8. What is c(j)?
6
Let a(j) = 10*j**3 - 6*j**3 - 29*j**2 - 6*j**3 + 28*j**2. What is a(1)?
-3
Let k(a) be the first derivative of a**3/3 - a**2/2 - 5*a + 91. What is k(4)?
7
Let h(j) = -j**2 + 8*j - 4. Let l(b) be the second derivative of -14*b + 19/2*b**2 - 1/6*b**3 + 0. Let v be l(13). What is h(v)?
8
Let d be (-12)/(-1) + (-260)/65. Let l(y) = -y**2 + 2 + 3*y**2 - 3*y**2 + 9*y. Give l(d).
10
Let q(h) be the second derivative of 7/2*h**2 + 11*h + 2/3*h**3 - 1/12*h**4 + 0. Determine 